mainder when (-80)/(-3)*(5 - 2) is divided by j.
26
Let p(w) = -w**3 - 3*w**2 + 36*w + 32. What is the remainder when 35 is divided by p(5)?
11
Let k(h) = -2*h**2 + 38*h + 84. Calculate the remainder when k(20) is divided by (-4 - (-3 + -16)) + 1.
12
Suppose -3*x + 24 - 9 = 0. Suppose 0 = 7*o - x - 9. Suppose p - o*p = -19. Calculate the remainder when 37 is divided by p.
18
Let u = -11304 + 19795. Calculate the remainder when u is divided by 31.
28
Suppose 5*s = -3*d - 6 - 14, d - 12 = 3*s. Suppose d = 9*u + 6*u - 555. Let n(b) = -3*b**3 - b**2 + b + 2. What is the remainder when u is divided by n(-2)?
17
Let u(d) = d**3 - 12*d**2 + 37*d - 1. Calculate the remainder when 338 is divided by u(6).
3
Let t = 73 + -336. Let m = -249 - t. Calculate the remainder when 56 + -1 - (-1 - -1) is divided by m.
13
Let p(w) = 127*w - 11633. Suppose 0 = t - 4*a - 3 - 11, 5*a = 25. What is the remainder when p(94) is divided by t?
33
Let c be 193/(2*4/(-8)). Let o = -125 - c. What is the remainder when 203 is divided by o?
67
Let r(o) = -o**3 - 6*o**2 + 13. Let v be ((-2)/4)/((-1)/4). Suppose v*g + 9 = -2*g + 3*b, g + 11 = -b. What is the remainder when 37 is divided by r(g)?
11
Let z(f) = -f**2 + 10. Let k be z(-3). Calculate the remainder when 135 is divided by 5698/(-77)*1*k/(-2).
24
Let x(w) = 4*w**2 - 24*w - 246. Suppose 0 = -6*r + 3*r - 3*c + 57, -4*r = -3*c - 97. What is the remainder when x(-10) is divided by r?
20
Suppose -2*d + 5 + 4 = -z, 2*z - 7 = -d. Suppose 3*u = -3*b + 108, -d*u + b = -0*b - 150. Calculate the remainder when 135 is divided by u.
11
Let z(v) = -v**2 + 13*v - 11. Let d be z(8). Suppose d = -48*u + 49*u. Calculate the remainder when 149 is divided by u.
4
Let x(m) = 310*m**2 + 2*m - 3. Let s be x(1). Suppose 3*t + 3*y - s = 0, 118 = 5*t - 4*t - 2*y. What is the remainder when 645 is divided by t?
105
Suppose 372*y = 342*y + 92430. Calculate the remainder when y is divided by 258.
243
Let o(g) = 2*g - 19. Let u be o(5). Let s = u + 157. What is the remainder when s is divided by 25?
23
Let v be (-54)/3*(-22)/99. Suppose 0*o = -v*o + 92. Calculate the remainder when 181 is divided by o.
20
Let b = -11 + 28. Suppose -3613 = -3*g + 1151. Let i = g + -1582. What is the remainder when b is divided by i?
5
What is the remainder when (-6)/(-20) + 21518/140 + -9 is divided by 9?
1
Suppose 0 = 3*j - 0*j - 3. Suppose z + 2 = j. Calculate the remainder when (-465)/(-12) - ((-15)/(-20) + z) is divided by 21.
18
Suppose -3*s = 2*s - 215. Suppose -a + 3*r + 48 = 0, 65*r = 4*a + 70*r - 5. What is the remainder when s is divided by a?
13
Calculate the remainder when 1889 is divided by 10 - (-943 + (17 - 0)).
17
Let g = 10 + 10. Let k = -14220 + 14255. What is the remainder when k is divided by g?
15
Suppose 10*a - 5*a + 812 = l, a + 1579 = 2*l. Suppose 194 = z + y, 5*z - 2*y = l + 176. Calculate the remainder when z is divided by 34.
23
Suppose -5*i - 62 = -352. Let t = -120 - -132. Let c(w) = w**3 - 13*w**2 + 15*w - 21. What is the remainder when i is divided by c(t)?
13
Let y = 28 + -25. Suppose -2*o - 2 = -y*o. Suppose 5*u - 72 = 2*u - 3*m, o*u - 5*m = 13. Calculate the remainder when 35 is divided by u.
16
Suppose -71*x = -73*x - y + 218, -2*x + y + 206 = 0. Calculate the remainder when 501 is divided by x.
77
Let p(t) = -t**2 - 28*t - 168. Let q be p(-12). Suppose q*x - 17*x = 245. What is the remainder when 172 is divided by x?
32
Suppose -70*h + 24 = -62*h. What is the remainder when (((-63)/14)/h)/(2/(-188)) is divided by 24?
21
Let q(h) = -643*h + 8. Let r be q(1). Let b = 836 + r. Suppose -12 = z - 4*g - 33, 0 = 2*z - 4*g - 50. What is the remainder when b is divided by z?
27
Let s = -175 - -192. Suppose -s*c = -10*c - 364. What is the remainder when c is divided by 6?
4
Let b be (1 - 0) + 78/(-3 - -6). Suppose -4*u + 5 + b = 0. Suppose u*c - 107 = 77. Calculate the remainder when c is divided by 13.
10
Suppose 12*b + 16 = 14*b. Let u(j) = -4*j + 28. Let f be u(4). Suppose -f*v = -4*v - 56. What is the remainder when b is divided by v?
1
Let b be 38*1/(-2)*-3. Let s = b - 41. What is the remainder when 46 is divided by s?
14
Let s = 3 - -1. Let z(r) = -r**3 - 2*r + 3. Let p be z(0). Suppose -24 = -3*v + v - 4*m, 4*v + p*m = 28. What is the remainder when s is divided by v?
0
Suppose -83*l = 2140 - 5543. What is the remainder when 731 is divided by l?
34
Let b = 5477 - 5046. Calculate the remainder when b is divided by 241.
190
Let p = 1 + 4. Let o(k) = -k**3 + 9*k**2 + k - 1. Let v(f) = 26*f - 1057. Calculate the remainder when o(p) is divided by v(42).
34
Suppose -99*a + 63588 = -856*a. Suppose -3*v - 2*l + 352 = 0, -4*v - 6*l + 470 = -4*l. Let w = a + v. What is the remainder when w is divided by 12?
10
Let n(h) = -h**3 - 48*h**2 - 220*h - 133. What is the remainder when 329 is divided by n(-43)?
1
Let t(y) = -46*y**3 + 17*y**2 + 11*y - 5. What is the remainder when 1235 is divided by t(-2)?
8
Let o(s) = 6*s**3 - 39*s**2 - 8*s + 16. Let r be o(7). Suppose -5*n + 4*p = -109, n + 2*p = 6*n - r. What is the remainder when 311 is divided by n?
17
Let p(s) = 499*s**2 - 21*s + 34. What is the remainder when 3985 is divided by p(2)?
9
What is the remainder when 655 is divided by ((-31)/(-4))/((-3)/(-4) - 10/20)?
4
Let o = -1740 - -2554. Suppose -17*s = -6*s - o. What is the remainder when s is divided by 27?
20
Let i = 10 + 13. Let y = -271 - -274. What is the remainder when (-18)/8*(-56)/y is divided by i?
19
Suppose -49*g - 21*g + 1688 + 2092 = 0. Let m(j) = 28*j**2 + 7*j + 9. Let z be m(-6). Suppose -49*v = -g*v + z. What is the remainder when v is divided by 49?
48
Let a(b) = 343*b + 7830. Calculate the remainder when a(-19) is divided by 47.
44
Let j = -30 - -26. Calculate the remainder when 17 is divided by 589/57 + j/(-6).
6
Let a(z) = 5*z**2 + 25*z - 14. What is the remainder when a(8) is divided by 164?
14
Let a(x) = -14*x**3 + 2*x**2 - 2. Let j be 8/20 + 7/(-5). Calculate the remainder when 18 is divided by a(j).
4
Suppose 3*a = -5*b + 26, 4*a + 8124*b - 8116*b - 36 = 0. Suppose -5*o + 4*o + 90 = 0. Calculate the remainder when o is divided by a.
6
Let o = -44735 + 44749. Calculate the remainder when ((-890)/(-4))/(1/2) is divided by o.
11
Let g(m) = -m**3 - 12*m**2 - 59*m - 153. Calculate the remainder when 425 is divided by g(-8).
47
Suppose 3*v - 50 + 8 = 0. Suppose 203 = v*y - 49. Suppose -4*m = 3*t - y, m - 8 = -m - t. What is the remainder when 20 is divided by m?
2
Let p(b) = 154*b + 3759. What is the remainder when p(5) is divided by 51?
41
Let w = 24009 + -23445. Calculate the remainder when w is divided by 128.
52
Let z be (-1 - 27/5)/((-76)/570). Calculate the remainder when (38/(-5))/(z/60)*-6 is divided by 10.
7
Let q be (-13)/(((-1 - 3)/2)/922). What is the remainder when (-6)/(-8) + (-13)/((-676)/q) is divided by 60?
56
Let j = 2854 - 2812. Calculate the remainder when j is divided by 36.
6
Suppose -5*a - 2*g + 7180 = 0, -33*a + 28*a + g + 7180 = 0. Calculate the remainder when a is divided by 182.
162
Suppose 328*h - 58130 + 11687 = -11*h. What is the remainder when 3450 is divided by h?
25
Let t = -117 - -210. Let g(v) = 66*v - 6. Let b be g(5). Suppose -b + t = -7*q. What is the remainder when q is divided by 9?
6
Suppose -33*r - 3831 = -4809 - 8229. What is the remainder when r is divided by 256?
23
Let l = 4 + -25. Let i(m) = 9*m + 230. What is the remainder when i(l) is divided by (0 + 24 - -1) + -1?
17
Let d(c) = c**3 + 7*c**2 + 12*c + 12. Let i be d(-5). Suppose -i*s = -72 - 38. What is the remainder when s is divided by 19?
17
Suppose 0 = -354*o + 470*o - 8236. What is the remainder when 3902 is divided by o?
68
Suppose 3*j = -6*h + 4*j + 1223, -4*h - 2*j = -802. Calculate the remainder when h is divided by 68.
67
Let t = 85 - 39. Let l(f) be the second derivative of -f**5/20 + 5*f**4/6 + 5*f**3/6 + 2*f. Calculate the remainder when l(7) is divided by t.
44
Suppose 289 = 19*k - 5 - 105. What is the remainder when 11549 is divided by k?
20
Let m = -231 - -249. Suppose 0 = u + r - 1, m*u + 2*r - 7 = 15*u. Calculate the remainder when 53 is divided by u.
3
Suppose -24 = -o + 74. Calculate the remainder when 1270 is divided by o.
94
Let f = -17982 + 17992. What is the remainder when 6098 is divided by f?
8
L